{"id":74,"date":"2024-01-04T10:03:49","date_gmt":"2024-01-04T10:03:49","guid":{"rendered":"https:\/\/gavila.es\/tienda\/?post_type=product&#038;p=74"},"modified":"2025-07-29T17:32:56","modified_gmt":"2025-07-29T17:32:56","slug":"jabonera-limpia-mamparas-cromo","status":"publish","type":"product","link":"https:\/\/gavila.es\/tienda\/index.php\/producto\/jabonera-limpia-mamparas-cromo\/","title":{"rendered":"Jabonera con limpia mamparas cromo"},"content":{"rendered":"<p data-start=\"76\" data-end=\"162\"><strong data-start=\"76\" data-end=\"134\">Jabonera de Ducha con Limpiamamparas Integrado \u2013 Cromo<\/strong><br data-start=\"134\" data-end=\"137\" \/><strong data-start=\"137\" data-end=\"162\">Ref. 2826 \u2013 Manillons<\/strong><\/p>\n<p data-start=\"164\" data-end=\"200\"><strong data-start=\"164\" data-end=\"176\">Medidas:<\/strong> 26 x 5,5 x 12 cm (alto)<\/p>\n<p data-start=\"202\" data-end=\"480\">Un dise\u00f1o inteligente que a\u00fana est\u00e9tica y funcionalidad. Esta jabonera de ducha incorpora discretamente un limpiamamparas extra\u00edble, ofreci\u00e9ndote una soluci\u00f3n pr\u00e1ctica sin renunciar al estilo.<br data-start=\"394\" data-end=\"397\" \/>Olv\u00eddate de dejar el limpiador suelto: ahora siempre estar\u00e1 a mano y bien guardado.<\/p>\n","protected":false},"excerpt":{"rendered":"<p>jabonera limpia mampara cromo<\/p>\n","protected":false},"featured_media":75,"template":"","meta":[],"product_brand":[93],"product_cat":[29],"product_tag":[],"class_list":{"0":"post-74","1":"product","2":"type-product","3":"status-publish","4":"has-post-thumbnail","6":"product_brand-manillons-torrent","7":"product_cat-accesorios","8":"product_shipping_class-ligero","10":"first","11":"instock","12":"sale","13":"taxable","14":"shipping-taxable","15":"purchasable","16":"product-type-simple"},"jetpack_sharing_enabled":true,"_links":{"self":[{"href":"https:\/\/gavila.es\/tienda\/index.php\/wp-json\/wp\/v2\/product\/74","targetHints":{"allow":["GET"]}}],"collection":[{"href":"https:\/\/gavila.es\/tienda\/index.php\/wp-json\/wp\/v2\/product"}],"about":[{"href":"https:\/\/gavila.es\/tienda\/index.php\/wp-json\/wp\/v2\/types\/product"}],"wp:featuredmedia":[{"embeddable":true,"href":"https:\/\/gavila.es\/tienda\/index.php\/wp-json\/wp\/v2\/media\/75"}],"wp:attachment":[{"href":"https:\/\/gavila.es\/tienda\/index.php\/wp-json\/wp\/v2\/media?parent=74"}],"wp:term":[{"taxonomy":"product_brand","embeddable":true,"href":"https:\/\/gavila.es\/tienda\/index.php\/wp-json\/wp\/v2\/product_brand?post=74"},{"taxonomy":"product_cat","embeddable":true,"href":"https:\/\/gavila.es\/tienda\/index.php\/wp-json\/wp\/v2\/product_cat?post=74"},{"taxonomy":"product_tag","embeddable":true,"href":"https:\/\/gavila.es\/tienda\/index.php\/wp-json\/wp\/v2\/product_tag?post=74"}],"curies":[{"name":"wp","href":"https:\/\/api.w.org\/{rel}","templated":true}]}}