{"id":72,"date":"2023-12-21T10:43:28","date_gmt":"2023-12-21T10:43:28","guid":{"rendered":"https:\/\/gavila.es\/tienda\/?post_type=product&#038;p=72"},"modified":"2025-04-10T10:14:06","modified_gmt":"2025-04-10T10:14:06","slug":"grifo-bide-novus-hans-grohe","status":"publish","type":"product","link":"https:\/\/gavila.es\/tienda\/index.php\/producto\/grifo-bide-novus-hans-grohe\/","title":{"rendered":"GRIFO BIDE NOVUS HANS GROHE"},"content":{"rendered":"<p>Monomando para bid\u00e9 modelo Novus 71142 cromado de Hans Grohe.<\/p>\n<p>incluye v\u00e1lvula autom\u00e1tica<\/p>\n<p>Proyecci\u00f3n: 139 mm<\/p>\n<p>Altura del ca\u00f1o: 76 mm<\/p>\n<p>Aireador con r\u00f3tula<\/p>\n<p>Caudal m\u00e1ximo a 3\u00a0bar: 7,2\u00a0l\/min<\/p>\n<p>Material del vaciador: met\u00e1lico<\/p>\n<p>Con funci\u00f3n de limpieza QuickClean<\/p>\n<p>Disponible hasta final de existencias.<\/p>\n","protected":false},"excerpt":{"rendered":"<p>Monomando para bid\u00e9 modelo Novus 71142 cromado de Hans Grohe. incluye v\u00e1lvula autom\u00e1tica Proyecci\u00f3n: 139 mm Altura del ca\u00f1o: 76 mm Aireador con r\u00f3tula Caudal m\u00e1ximo a 3\u00a0bar: 7,2\u00a0l\/min Material del vaciador: met\u00e1lico Con funci\u00f3n de limpieza QuickClean Disponible hasta final de existencias.<\/p>\n","protected":false},"featured_media":73,"template":"","meta":[],"product_brand":[89],"product_cat":[17,25],"product_tag":[116,107,108],"class_list":{"0":"post-72","1":"product","2":"type-product","3":"status-publish","4":"has-post-thumbnail","6":"product_brand-hansgrohe","7":"product_cat-griferia","8":"product_cat-outlet","9":"product_tag-bide","10":"product_tag-grifo","11":"product_tag-monomando","13":"first","14":"instock","15":"sale","16":"taxable","17":"shipping-taxable","18":"purchasable","19":"product-type-simple"},"jetpack_sharing_enabled":true,"_links":{"self":[{"href":"https:\/\/gavila.es\/tienda\/index.php\/wp-json\/wp\/v2\/product\/72","targetHints":{"allow":["GET"]}}],"collection":[{"href":"https:\/\/gavila.es\/tienda\/index.php\/wp-json\/wp\/v2\/product"}],"about":[{"href":"https:\/\/gavila.es\/tienda\/index.php\/wp-json\/wp\/v2\/types\/product"}],"wp:featuredmedia":[{"embeddable":true,"href":"https:\/\/gavila.es\/tienda\/index.php\/wp-json\/wp\/v2\/media\/73"}],"wp:attachment":[{"href":"https:\/\/gavila.es\/tienda\/index.php\/wp-json\/wp\/v2\/media?parent=72"}],"wp:term":[{"taxonomy":"product_brand","embeddable":true,"href":"https:\/\/gavila.es\/tienda\/index.php\/wp-json\/wp\/v2\/product_brand?post=72"},{"taxonomy":"product_cat","embeddable":true,"href":"https:\/\/gavila.es\/tienda\/index.php\/wp-json\/wp\/v2\/product_cat?post=72"},{"taxonomy":"product_tag","embeddable":true,"href":"https:\/\/gavila.es\/tienda\/index.php\/wp-json\/wp\/v2\/product_tag?post=72"}],"curies":[{"name":"wp","href":"https:\/\/api.w.org\/{rel}","templated":true}]}}