{"id":9,"date":"2016-11-22T21:38:20","date_gmt":"2016-11-22T20:38:20","guid":{"rendered":"https:\/\/www.gavila.es\/ind\/?page_id=9"},"modified":"2023-01-26T12:13:44","modified_gmt":"2023-01-26T11:13:44","slug":"donde-estamos","status":"publish","type":"page","link":"https:\/\/gavila.es\/ind\/donde-estamos\/","title":{"rendered":"D\u00f3nde estamos"},"content":{"rendered":"<div class=\"wpb-content-wrapper\"><p>[vc_row css_animation=\u00bb\u00bb row_type=\u00bbrow\u00bb use_row_as_full_screen_section=\u00bbno\u00bb type=\u00bbfull_width\u00bb angled_section=\u00bbno\u00bb text_align=\u00bbleft\u00bb background_image_as_pattern=\u00bbwithout_pattern\u00bb][vc_column][vc_column_text]<\/p>\n<h1 style=\"text-align: left;\">Estamos en Valencia, muy cerca de ti!<\/h1>\n<p style=\"text-align: left;\">Ven a visitar nuestra gran exposici\u00f3n y nuestro equipo te asesorar\u00e1 seg\u00fan tus necesidades y presupuesto.<\/p>\n<p style=\"text-align: left;\">Habitualmentes nos encontrar\u00e1s en nuestro showroom de <strong>Lunes a Viernes<\/strong> de <strong>9.00h a 13.30h y de 16.00h a 20.00h.<\/strong><\/p>\n<p style=\"text-align: left;\">No olvides que las citas confirmadas tienen preferencia y que podemos ofrecer mejor atenci\u00f3n personalizada si reservas la misma llamando al<span style=\"color: #3366ff;\"><strong> <a style=\"color: #3366ff;\" href=\"tel:\/\/+34963392322\">96 339 23 22<\/a> <\/strong><\/span>o enviando un email a <a href=\"mailto:info@gavila.es\">info@gavila.es<\/a><\/p>\n<p style=\"text-align: left;\">Ven a visitarnos a la <strong><a href=\"https:\/\/goo.gl\/maps\/CBctQVPtCd42\">Avenida Catalu\u00f1a, 14 \u2013 46021 Valencia<\/a>, <\/strong>estamos muy cerca de ti. Si vienes del centro de la ciudad nos encontrar\u00e1s a continuaci\u00f3n de la Avenida Arag\u00f3n en el lado derecho.<\/p>\n<p style=\"text-align: left;\"><img fetchpriority=\"high\" decoding=\"async\" class=\"alignnone wp-image-16251 size-full\" src=\"https:\/\/gavila.es\/ind\/wp-content\/uploads\/2021\/01\/Mapa-Gavila-simply-v2021.jpg\" alt=\"Mapa Gavil\u00e1 Valencia\" width=\"709\" height=\"709\" srcset=\"https:\/\/gavila.es\/ind\/wp-content\/uploads\/2021\/01\/Mapa-Gavila-simply-v2021.jpg 709w, https:\/\/gavila.es\/ind\/wp-content\/uploads\/2021\/01\/Mapa-Gavila-simply-v2021-300x300.jpg 300w, https:\/\/gavila.es\/ind\/wp-content\/uploads\/2021\/01\/Mapa-Gavila-simply-v2021-150x150.jpg 150w, https:\/\/gavila.es\/ind\/wp-content\/uploads\/2021\/01\/Mapa-Gavila-simply-v2021-570x570.jpg 570w, https:\/\/gavila.es\/ind\/wp-content\/uploads\/2021\/01\/Mapa-Gavila-simply-v2021-500x500.jpg 500w, https:\/\/gavila.es\/ind\/wp-content\/uploads\/2021\/01\/Mapa-Gavila-simply-v2021-700x700.jpg 700w\" sizes=\"(max-width: 709px) 100vw, 709px\" \/><\/p>\n<p>[\/vc_column_text][\/vc_column][\/vc_row][vc_row css_animation=\u00bb\u00bb row_type=\u00bbrow\u00bb use_row_as_full_screen_section=\u00bbno\u00bb type=\u00bbfull_width\u00bb angled_section=\u00bbno\u00bb text_align=\u00bbleft\u00bb background_image_as_pattern=\u00bbwithout_pattern\u00bb][vc_column][vc_gmaps link=\u00bb#E-8_JTNDaWZyYW1lJTIwc3JjJTNEJTIyaHR0cHMlM0ElMkYlMkZ3d3cuZ29vZ2xlLmNvbSUyRm1hcHMlMkZlbWJlZCUzRnBiJTNEJTIxMW0xOCUyMTFtMTIlMjExbTMlMjExZDMwNzkuNTkxNzQ0OTQ3MjQlMjEyZC0wLjM1NTkxNjk4NDI4NTg4Mzc1JTIxM2QzOS40Nzg1NTA4MjAwODIzMjYlMjEybTMlMjExZjAlMjEyZjAlMjEzZjAlMjEzbTIlMjExaTEwMjQlMjEyaTc2OCUyMTRmMTMuMSUyMTNtMyUyMTFtMiUyMTFzMHhkNjA0ODk4ZTRkNjhjNTMlMjUzQTB4NThmM2ZmZTk4Y2FlMjZlMiUyMTJzR2F2aWwlMjVDMyUyNUExJTJCVmFsZW5jaWElMjE1ZTAlMjEzbTIlMjExc2VzJTIxMnNlcyUyMTR2MTQ3OTg0NjY0NDQ4NCUyMiUyMHdpZHRoJTNEJTIyNjAwJTIyJTIwaGVpZ2h0JTNEJTIyNDUwJTIyJTIwZnJhbWVib3JkZXIlM0QlMjIwJTIyJTIwc3R5bGUlM0QlMjJib3JkZXIlM0EwJTIyJTIwYWxsb3dmdWxsc2NyZWVuJTNFJTNDJTJGaWZyYW1lJTNF\u00bb][\/vc_column][\/vc_row]<\/p>\n<\/div>","protected":false},"excerpt":{"rendered":"<p>[vc_row css_animation=\u00bb\u00bb row_type=\u00bbrow\u00bb use_row_as_full_screen_section=\u00bbno\u00bb type=\u00bbfull_width\u00bb angled_section=\u00bbno\u00bb text_align=\u00bbleft\u00bb background_image_as_pattern=\u00bbwithout_pattern\u00bb][vc_column][vc_column_text] Estamos en Valencia, muy cerca de ti!&#8230;<\/p>\n","protected":false},"author":1,"featured_media":15920,"parent":0,"menu_order":0,"comment_status":"closed","ping_status":"closed","template":"","meta":{"content-type":"","footnotes":""},"class_list":["post-9","page","type-page","status-publish","has-post-thumbnail","hentry"],"_links":{"self":[{"href":"https:\/\/gavila.es\/ind\/wp-json\/wp\/v2\/pages\/9","targetHints":{"allow":["GET"]}}],"collection":[{"href":"https:\/\/gavila.es\/ind\/wp-json\/wp\/v2\/pages"}],"about":[{"href":"https:\/\/gavila.es\/ind\/wp-json\/wp\/v2\/types\/page"}],"author":[{"embeddable":true,"href":"https:\/\/gavila.es\/ind\/wp-json\/wp\/v2\/users\/1"}],"replies":[{"embeddable":true,"href":"https:\/\/gavila.es\/ind\/wp-json\/wp\/v2\/comments?post=9"}],"version-history":[{"count":32,"href":"https:\/\/gavila.es\/ind\/wp-json\/wp\/v2\/pages\/9\/revisions"}],"predecessor-version":[{"id":16315,"href":"https:\/\/gavila.es\/ind\/wp-json\/wp\/v2\/pages\/9\/revisions\/16315"}],"wp:featuredmedia":[{"embeddable":true,"href":"https:\/\/gavila.es\/ind\/wp-json\/wp\/v2\/media\/15920"}],"wp:attachment":[{"href":"https:\/\/gavila.es\/ind\/wp-json\/wp\/v2\/media?parent=9"}],"curies":[{"name":"wp","href":"https:\/\/api.w.org\/{rel}","templated":true}]}}